en 3390 is divided by 47?
6
What is the remainder when 100 is divided by 53?
47
Calculate the remainder when 158 is divided by 40.
38
Calculate the remainder when 734 is divided by 11.
8
What is the remainder when 449 is divided by 120?
89
Calculate the remainder when 179 is divided by 42.
11
Calculate the remainder when 4812 is divided by 83.
81
Calculate the remainder when 280 is divided by 32.
24
What is the remainder when 152 is divided by 80?
72
What is the remainder when 1716 is divided by 17?
16
What is the remainder when 377 is divided by 95?
92
What is the remainder when 1229 is divided by 56?
53
What is the remainder when 201 is divided by 92?
17
Calculate the remainder when 1052 is divided by 31.
29
Calculate the remainder when 4282 is divided by 51.
49
What is the remainder when 10412 is divided by 82?
80
Calculate the remainder when 184 is divided by 62.
60
What is the remainder when 9859 is divided by 85?
84
Calculate the remainder when 1038 is divided by 20.
18
What is the remainder when 4418 is divided by 85?
83
Calculate the remainder when 217 is divided by 23.
10
What is the remainder when 444 is divided by 147?
3
Calculate the remainder when 320 is divided by 71.
36
What is the remainder when 36 is divided by 23?
13
Calculate the remainder when 10636 is divided by 9.
7
What is the remainder when 313 is divided by 53?
48
Calculate the remainder when 915 is divided by 131.
129
What is the remainder when 50 is divided by 4?
2
Calculate the remainder when 324 is divided by 279.
45
What is the remainder when 199 is divided by 51?
46
What is the remainder when 3711 is divided by 162?
147
Calculate the remainder when 283 is divided by 121.
41
What is the remainder when 607 is divided by 202?
1
What is the remainder when 45 is divided by 16?
13
Calculate the remainder when 39 is divided by 16.
7
What is the remainder when 304 is divided by 24?
16
What is the remainder when 97 is divided by 25?
22
What is the remainder when 211 is divided by 36?
31
Calculate the remainder when 110 is divided by 16.
14
Calculate the remainder when 172 is divided by 30.
22
Calculate the remainder when 149 is divided by 4.
1
What is the remainder when 17 is divided by 10?
7
Calculate the remainder when 68 is divided by 11.
2
What is the remainder when 125 is divided by 111?
14
Calculate the remainder when 203 is divided by 103.
100
Calculate the remainder when 222 is divided by 80.
62
What is the remainder when 100 is divided by 15?
10
Calculate the remainder when 777 is divided by 61.
45
What is the remainder when 48907 is divided by 335?
332
What is the remainder when 62 is divided by 43?
19
Calculate the remainder when 1040 is divided by 1027.
13
Calculate the remainder when 102 is divided by 40.
22
What is the remainder when 664 is divided by 175?
139
Calculate the remainder when 397 is divided by 4.
1
What is the remainder when 123 is divided by 17?
4
Calculate the remainder when 968 is divided by 50.
18
What is the remainder when 414 is divided by 26?
24
Calculate the remainder when 670 is divided by 28.
26
Calculate the remainder when 268 is divided by 83.
19
What is the remainder when 4164 is divided by 49?
48
What is the remainder when 191 is divided by 98?
93
Calculate the remainder when 300 is divided by 85.
45
Calculate the remainder when 2478 is divided by 30.
18
Calculate the remainder when 200 is divided by 105.
95
What is the remainder when 2663 is divided by 1326?
11
What is the remainder when 427 is divided by 27?
22
Calculate the remainder when 67 is divided by 25.
17
What is the remainder when 63 is divided by 8?
7
What is the remainder when 226 is divided by 78?
70
What is the remainder when 351 is divided by 15?
6
Calculate the remainder when 925 is divided by 104.
93
What is the remainder when 328 is divided by 21?
13
Calculate the remainder when 611 is divided by 586.
25
What is the remainder when 2974 is divided by 8?
6
Calculate the remainder when 8587 is divided by 121.
117
Calculate the remainder when 211 is divided by 29.
8
Calculate the remainder when 24 is divided by 9.
6
What is the remainder when 194 is divided by 11?
7
What is the remainder when 209 is divided by 68?
5
Calculate the remainder when 532 is divided by 41.
40
What is the remainder when 908 is divided by 38?
34
Calculate the remainder when 1368 is divided by 278.
256
What is the remainder when 373 is divided by 28?
9
What is the remainder when 351 is divided by 44?
43
What is the remainder when 642 is divided by 5?
2
What is the remainder when 1775 is divided by 99?
92
What is the remainder when 431 is divided by 112?
95
Calculate the remainder when 425 is divided by 61.
59
Calculate the remainder when 1156 is divided by 283.
24
What is the remainder when 4748 is divided by 19?
17
What is the remainder when 582 is divided by 98?
92
Calculate the remainder when 1346 is divided by 25.
21
Calculate the remainder when 199 is divided by 23.
15
Calculate the remainder when 307 is divided by 87.
46
What is the remainder when 63 is divided by 22?
19
What is the remainder when 220 is divided by 37?
35
Calculate the remainder when 1651 is divided by 774.
103
Calculate the remainder when 168 is divided by 57.
54
Calculate the remainder when 137 is divided by 23.
22
Calculate the remainder when 491 is divided by 168.
155
Calculate the remainder when 3657 is divided by 20.
17
Calculate the remainder when 6773 is divided by 154.
151
Calculate the remainder when 96 is divided by 25.
21
What is the remainder when 1147 is divided by 382?
1
Calculate the remainder when 156 is divided by 137.
19
Calculate the remainder when 183 is divided by 37.
35
Calculate the remainder when 62 is divided by 9.
8
What is the remainder when 458 is divided by 63?
17
What is the remainder when 1035 is divided by 37?
36
What is the remainder when 184 is divided by 88?
8
Calculate the remainder when 35 is divided by 13.
9
Calculate the remainder when 140 is divided by 96.
44
What is the remainder when 3079 is divided by 1536?
7
Calculate the remainder when 87 is divided by 44.
43
What is the remainder when 65 is divided by 29?
7
What is the remainder when 256 is divided by 42?
4
Calculate the remainder when 1076 is divided by 77.
75
Calculate the remainder when 251 is divided by 8.
3
What is the remainder when 373 is divided by 34?
33
What is the remainder when 230 is divided by 33?
32
What is the remainder when 60 is divided by 11?
5
Calculate the remainder when 590 is divided by 74.
72
What is the remainder when 115 is divided by 29?
28
What is the remainder when 20 is divided by 13?
7
What is the remainder when 246 is divided by 57?
18
Calculate the remainder when 13408 is divided by 9.
7
What is the remainder when 2695 is divided by 20?
15
Calculate the remainder when 323 is divided by 107.
2
What is the remainder when 53 is divided by 19?
15
Calculate the remainder when 4651 is divided by 13.
10
What is the remainder when 626 is divided by 142?
58
What is the remainder when 34 is divided by 3?
1
What is the remainder when 348 is divided by 44?
40
Calculate the remainder when 1365 is divided by 291.
201
What is the remainder when 1106 is divided by 84?
14
What is the remainder when 1107 is divided by 112?
99
What is the remainder when 241 is divided by 77?
10
What is the remainder when 7173 is divided by 184?
181
What is the remainder when 203 is divided by 102?
101
What is the remainder when 27 is divided by 6?
3
What is the remainder when 123 is divided by 100?
23
Calculate the remainder when 116 is divided by 40.
36
Calculate the remainder when 333 is divided by 16.
13
Calculate the remainder when 226 is divided by 57.
55
Calculate the remainder when 4806 is divided by 10.
6
What is the remainder when 2362 is divided by 113?
102
Calculate the remainder when 342 is divided by 100.
42
What is the remainder when 841 is divided by 37?
27
Calculate the remainder when 1053 is divided by 24.
21
What is the remainder when 432 is divided by 87?
84
What is the remainder when 729 is divided by 26?
1
Calculate the remainder when 560 is divided by 276.
8
What is the remainder when 3959 is divided by 72?
71
Calculate the remainder when 107 is divided by 22.
19
Calculate the remainder when 362 is di